{"id":1801,"date":"2024-08-06T13:33:20","date_gmt":"2024-08-06T13:33:20","guid":{"rendered":"https:\/\/www.svmo.fi\/etusivu\/?page_id=1801"},"modified":"2026-02-17T09:08:58","modified_gmt":"2026-02-17T09:08:58","slug":"samaani-varityskirja","status":"publish","type":"page","link":"https:\/\/www.svmo.fi\/etusivu\/samaani-varityskirja\/","title":{"rendered":"Samaani"},"content":{"rendered":"\t\t<div data-elementor-type=\"wp-page\" data-elementor-id=\"1801\" class=\"elementor elementor-1801\">\n\t\t\t\t<div class=\"elementor-element elementor-element-5f3edd12 e-flex e-con-boxed e-con e-parent\" data-id=\"5f3edd12\" data-element_type=\"container\" data-e-type=\"container\">\n\t\t\t\t\t<div class=\"e-con-inner\">\n\t\t\t\t<div class=\"elementor-element elementor-element-7fe1f5ac elementor-widget elementor-widget-text-editor\" data-id=\"7fe1f5ac\" data-element_type=\"widget\" data-e-type=\"widget\" data-widget_type=\"text-editor.default\">\n\t\t\t\t<div class=\"elementor-widget-container\">\n\t\t\t\t\t\t\t\t\t\n<h2 style=\"text-align: center;\"><span style=\"color: #993366;\"><strong><span style=\"color: #333399;\">Hilpe\u00e4 Samaani\u00a0 &#8211; Taidev\u00e4rityskirja<br \/><\/span><\/strong><span style=\"color: #333399;\">Hauskaa tekemist\u00e4 matkalle mukaan!<\/span><\/span><\/h2>\n\t\t\t\t\t\t\t\t<\/div>\n\t\t\t\t<\/div>\n\t\t\t\t\t<\/div>\n\t\t\t\t<\/div>\n\t\t<div class=\"elementor-element elementor-element-f71d53c e-flex e-con-boxed e-con e-parent\" data-id=\"f71d53c\" data-element_type=\"container\" data-e-type=\"container\">\n\t\t\t\t\t<div class=\"e-con-inner\">\n\t\t<div class=\"elementor-element elementor-element-150dda8 e-con-full e-flex e-con e-child\" data-id=\"150dda8\" data-element_type=\"container\" data-e-type=\"container\">\n\t\t\t\t<div class=\"elementor-element elementor-element-08acb22 elementor-widget elementor-widget-image\" data-id=\"08acb22\" data-element_type=\"widget\" data-e-type=\"widget\" data-widget_type=\"image.default\">\n\t\t\t\t<div class=\"elementor-widget-container\">\n\t\t\t\t\t\t\t\t\t\t\t\t\t\t\t<img fetchpriority=\"high\" decoding=\"async\" width=\"849\" height=\"600\" src=\"https:\/\/www.svmo.fi\/wp-content\/uploads\/2024\/08\/Auk_2.jpg\" class=\"attachment-large size-large wp-image-1839\" alt=\"Pariisi\" srcset=\"https:\/\/www.svmo.fi\/wp-content\/uploads\/2024\/08\/Auk_2.jpg 849w, https:\/\/www.svmo.fi\/wp-content\/uploads\/2024\/08\/Auk_2-300x212.jpg 300w, https:\/\/www.svmo.fi\/wp-content\/uploads\/2024\/08\/Auk_2-768x543.jpg 768w\" sizes=\"(max-width: 849px) 100vw, 849px\" \/>\t\t\t\t\t\t\t\t\t\t\t\t\t\t\t<\/div>\n\t\t\t\t<\/div>\n\t\t\t\t<\/div>\n\t\t<div class=\"elementor-element elementor-element-e2cf960 e-con-full e-flex e-con e-child\" data-id=\"e2cf960\" data-element_type=\"container\" data-e-type=\"container\">\n\t\t\t\t<div class=\"elementor-element elementor-element-de66e7c elementor-widget elementor-widget-image\" data-id=\"de66e7c\" data-element_type=\"widget\" data-e-type=\"widget\" data-widget_type=\"image.default\">\n\t\t\t\t<div class=\"elementor-widget-container\">\n\t\t\t\t\t\t\t\t\t\t\t\t\t\t\t<img decoding=\"async\" width=\"849\" height=\"600\" src=\"https:\/\/www.svmo.fi\/wp-content\/uploads\/2024\/08\/Auk_1.jpg\" class=\"attachment-large size-large wp-image-1840\" alt=\"Joukkovoima\" srcset=\"https:\/\/www.svmo.fi\/wp-content\/uploads\/2024\/08\/Auk_1.jpg 849w, https:\/\/www.svmo.fi\/wp-content\/uploads\/2024\/08\/Auk_1-300x212.jpg 300w, https:\/\/www.svmo.fi\/wp-content\/uploads\/2024\/08\/Auk_1-768x543.jpg 768w\" sizes=\"(max-width: 849px) 100vw, 849px\" \/>\t\t\t\t\t\t\t\t\t\t\t\t\t\t\t<\/div>\n\t\t\t\t<\/div>\n\t\t\t\t<\/div>\n\t\t\t\t\t<\/div>\n\t\t\t\t<\/div>\n\t\t<div class=\"elementor-element elementor-element-16913b6 e-flex e-con-boxed e-con e-parent\" data-id=\"16913b6\" data-element_type=\"container\" data-e-type=\"container\">\n\t\t\t\t\t<div class=\"e-con-inner\">\n\t\t<div class=\"elementor-element elementor-element-0b1dd37 e-con-full e-flex e-con e-child\" data-id=\"0b1dd37\" data-element_type=\"container\" data-e-type=\"container\">\n\t\t\t\t<div class=\"elementor-element elementor-element-a2f225b elementor-widget elementor-widget-text-editor\" data-id=\"a2f225b\" data-element_type=\"widget\" data-e-type=\"widget\" data-widget_type=\"text-editor.default\">\n\t\t\t\t<div class=\"elementor-widget-container\">\n\t\t\t\t\t\t\t\t\t<p><strong>Kaksi savonlinnalaista mainosalan konkaria, Hanski Niiranen ja Arto Latvala <\/strong><strong>muotoilivat ja toteuttivat omakustanteena aivan uudenlaisen Taidev\u00e4rityskirjan.<br \/><\/strong><br \/>72 sivuisessa kirjassa on Hanskin piirt\u00e4m\u00e4t ja v\u00e4ritt\u00e4m\u00e4t originaalikuvat.<br \/>Arton toteuttamat v\u00e4ritett\u00e4v\u00e4t kuvat, 24 aihetta. Hanski kirjoitti tekstit.<br \/>\u201dKun hyv\u00e4 idea tulee, seh\u00e4n on toteutettava.\u201d<br \/>\u00c4l\u00e4 v\u00e4rit\u00e4 niin kuin min\u00e4 v\u00e4rit\u00e4n. V\u00e4rit\u00e4 niin kuin min\u00e4 sanon: v\u00e4rit\u00e4 juuri niin kuin itse haluat.<br \/><br \/><strong>Yhteystiedot:<\/strong><br \/>Hanski Niiranen, hanski.niiranen1@gmail.com<br \/><br \/>Arto Latvala, gsl@nic.fi<\/p>\t\t\t\t\t\t\t\t<\/div>\n\t\t\t\t<\/div>\n\t\t\t\t<\/div>\n\t\t<div class=\"elementor-element elementor-element-937d931 e-con-full e-flex e-con e-child\" data-id=\"937d931\" data-element_type=\"container\" data-e-type=\"container\">\n\t\t\t\t<div class=\"elementor-element elementor-element-f8f68e8 elementor-widget elementor-widget-heading\" data-id=\"f8f68e8\" data-element_type=\"widget\" data-e-type=\"widget\" data-widget_type=\"heading.default\">\n\t\t\t\t<div class=\"elementor-widget-container\">\n\t\t\t\t\t<h2 class=\"elementor-heading-title elementor-size-default\">Tilaa!<\/h2>\t\t\t\t<\/div>\n\t\t\t\t<\/div>\n\t\t\t\t<div class=\"elementor-element elementor-element-46447a2 elementor-widget elementor-widget-text-editor\" data-id=\"46447a2\" data-element_type=\"widget\" data-e-type=\"widget\" data-widget_type=\"text-editor.default\">\n\t\t\t\t<div class=\"elementor-widget-container\">\n\t\t\t\t\t\t\t\t\t<h5>1 v\u00e4rityskirja 25,00\u20ac sis alv\u00a0 ja postituskulut.<br \/>2 v\u00e4rityskirjaa 35,00\u20ac yhteen osoitteeseen<\/h5>\t\t\t\t\t\t\t\t<\/div>\n\t\t\t\t<\/div>\n\t\t\t\t<div class=\"elementor-element elementor-element-854a608 elementor-widget elementor-widget-wpforms\" data-id=\"854a608\" data-element_type=\"widget\" data-e-type=\"widget\" data-widget_type=\"wpforms.default\">\n\t\t\t\t<div class=\"elementor-widget-container\">\n\t\t\t\t\t<div class=\"wpforms-container \" id=\"wpforms-1816\"><form id=\"wpforms-form-1816\" class=\"wpforms-validate wpforms-form wpforms-ajax-form\" data-formid=\"1816\" method=\"post\" enctype=\"multipart\/form-data\" action=\"\/etusivu\/wp-json\/wp\/v2\/pages\/1801\" data-token=\"6c42fa8dccc953427d66bef1ee09acc5\" data-token-time=\"1776763442\"><noscript class=\"wpforms-error-noscript\">Please enable JavaScript in your browser to complete this form.<\/noscript><div class=\"wpforms-field-container\"><div id=\"wpforms-1816-field_3-container\" class=\"wpforms-field wpforms-field-text\" data-field-id=\"3\"><label class=\"wpforms-field-label\" for=\"wpforms-1816-field_3\">Nimi <span class=\"wpforms-required-label\">*<\/span><\/label><input type=\"text\" id=\"wpforms-1816-field_3\" class=\"wpforms-field-medium wpforms-field-required\" name=\"wpforms[fields][3]\" required><\/div><div id=\"wpforms-1816-field_4-container\" class=\"wpforms-field wpforms-field-text\" data-field-id=\"4\"><label class=\"wpforms-field-label\" for=\"wpforms-1816-field_4\">Katuosoite <span class=\"wpforms-required-label\">*<\/span><\/label><input type=\"text\" id=\"wpforms-1816-field_4\" class=\"wpforms-field-medium wpforms-field-required\" name=\"wpforms[fields][4]\" required><\/div><div id=\"wpforms-1816-field_5-container\" class=\"wpforms-field wpforms-field-text\" data-field-id=\"5\"><label class=\"wpforms-field-label\" for=\"wpforms-1816-field_5\">Postinumero <span class=\"wpforms-required-label\">*<\/span><\/label><input type=\"text\" id=\"wpforms-1816-field_5\" class=\"wpforms-field-medium wpforms-field-required\" name=\"wpforms[fields][5]\" required><\/div><div id=\"wpforms-1816-field_6-container\" class=\"wpforms-field wpforms-field-text\" data-field-id=\"6\"><label class=\"wpforms-field-label\" for=\"wpforms-1816-field_6\">Kaupunki tai paikkakunta <span class=\"wpforms-required-label\">*<\/span><\/label><input type=\"text\" id=\"wpforms-1816-field_6\" class=\"wpforms-field-medium wpforms-field-required\" name=\"wpforms[fields][6]\" required><\/div><div id=\"wpforms-1816-field_1-container\" class=\"wpforms-field wpforms-field-email\" data-field-id=\"1\"><label class=\"wpforms-field-label\" for=\"wpforms-1816-field_1\">S\u00e4hk\u00f6postiosoite <span class=\"wpforms-required-label\">*<\/span><\/label><input type=\"email\" id=\"wpforms-1816-field_1\" class=\"wpforms-field-medium wpforms-field-required\" name=\"wpforms[fields][1]\" spellcheck=\"false\" required><\/div><div id=\"wpforms-1816-field_7-container\" class=\"wpforms-field wpforms-field-checkbox\" data-field-id=\"7\"><label class=\"wpforms-field-label\">Valinta<\/label><ul id=\"wpforms-1816-field_7\"><li class=\"choice-1 depth-1\"><input type=\"checkbox\" id=\"wpforms-1816-field_7_1\" name=\"wpforms[fields][7][]\" value=\"1 kirja\"  ><label class=\"wpforms-field-label-inline\" for=\"wpforms-1816-field_7_1\">1 kirja<\/label><\/li><li class=\"choice-2 depth-1\"><input type=\"checkbox\" id=\"wpforms-1816-field_7_2\" name=\"wpforms[fields][7][]\" value=\"2 kirjaa (samaan osoitteeseen)\"  ><label class=\"wpforms-field-label-inline\" for=\"wpforms-1816-field_7_2\">2 kirjaa (samaan osoitteeseen)<\/label><\/li><\/ul><\/div><div id=\"wpforms-1816-field_2-container\" class=\"wpforms-field wpforms-field-textarea\" data-field-id=\"2\"><label class=\"wpforms-field-label\" for=\"wpforms-1816-field_2\">Viesti<\/label><textarea id=\"wpforms-1816-field_2\" class=\"wpforms-field-medium\" name=\"wpforms[fields][2]\" ><\/textarea><\/div><\/div><!-- .wpforms-field-container --><div class=\"wpforms-submit-container\" ><input type=\"hidden\" name=\"wpforms[id]\" value=\"1816\"><input type=\"hidden\" name=\"page_title\" value=\"\"><input type=\"hidden\" name=\"page_url\" value=\"https:\/\/www.svmo.fi\/etusivu\/wp-json\/wp\/v2\/pages\/1801\"><input type=\"hidden\" name=\"url_referer\" value=\"\"><button type=\"submit\" name=\"wpforms[submit]\" id=\"wpforms-submit-1816\" class=\"wpforms-submit\" data-alt-text=\"L\u00e4hetys k\u00e4ynniss\u00e4\" data-submit-text=\"L\u00e4het\u00e4\" aria-live=\"assertive\" value=\"wpforms-submit\">L\u00e4het\u00e4<\/button><img decoding=\"async\" src=\"https:\/\/www.svmo.fi\/wp-content\/plugins\/wpforms-lite\/assets\/images\/submit-spin.svg\" class=\"wpforms-submit-spinner\" style=\"display: none;\" width=\"26\" height=\"26\" alt=\"Loading\"><\/div><\/form><\/div>  <!-- .wpforms-container -->\t\t\t\t<\/div>\n\t\t\t\t<\/div>\n\t\t\t\t<\/div>\n\t\t<div class=\"elementor-element elementor-element-b348505 e-con-full e-flex e-con e-child\" data-id=\"b348505\" data-element_type=\"container\" data-e-type=\"container\">\n\t\t\t\t<div class=\"elementor-element elementor-element-54cdcc6 elementor-widget elementor-widget-image\" data-id=\"54cdcc6\" data-element_type=\"widget\" data-e-type=\"widget\" data-widget_type=\"image.default\">\n\t\t\t\t<div class=\"elementor-widget-container\">\n\t\t\t\t\t\t\t\t\t\t\t\t\t\t\t<img loading=\"lazy\" decoding=\"async\" width=\"424\" height=\"600\" src=\"https:\/\/www.svmo.fi\/wp-content\/uploads\/2024\/08\/Etukansi_600.jpg\" class=\"attachment-large size-large wp-image-1804\" alt=\"Samaani\" srcset=\"https:\/\/www.svmo.fi\/wp-content\/uploads\/2024\/08\/Etukansi_600.jpg 424w, https:\/\/www.svmo.fi\/wp-content\/uploads\/2024\/08\/Etukansi_600-212x300.jpg 212w\" sizes=\"(max-width: 424px) 100vw, 424px\" \/>\t\t\t\t\t\t\t\t\t\t\t\t\t\t\t<\/div>\n\t\t\t\t<\/div>\n\t\t\t\t<div class=\"elementor-element elementor-element-17784ce elementor-widget elementor-widget-image\" data-id=\"17784ce\" data-element_type=\"widget\" data-e-type=\"widget\" data-widget_type=\"image.default\">\n\t\t\t\t<div class=\"elementor-widget-container\">\n\t\t\t\t\t\t\t\t\t\t\t\t\t\t\t<img loading=\"lazy\" decoding=\"async\" width=\"424\" height=\"600\" src=\"https:\/\/www.svmo.fi\/wp-content\/uploads\/2024\/08\/Takakansi_600.jpg\" class=\"attachment-large size-large wp-image-1831\" alt=\"\" srcset=\"https:\/\/www.svmo.fi\/wp-content\/uploads\/2024\/08\/Takakansi_600.jpg 424w, https:\/\/www.svmo.fi\/wp-content\/uploads\/2024\/08\/Takakansi_600-212x300.jpg 212w\" sizes=\"(max-width: 424px) 100vw, 424px\" \/>\t\t\t\t\t\t\t\t\t\t\t\t\t\t\t<\/div>\n\t\t\t\t<\/div>\n\t\t\t\t<\/div>\n\t\t\t\t\t<\/div>\n\t\t\t\t<\/div>\n\t\t\t\t<\/div>\n\t\t","protected":false},"excerpt":{"rendered":"<p>Hilpe\u00e4 Samaani\u00a0 &#8211; Taidev\u00e4rityskirjaHauskaa tekemist\u00e4 matkalle mukaan! Kaksi savonlinnalaista mainosalan konkaria, Hanski Niiranen ja Arto Latvala muotoilivat ja toteuttivat omakustanteena aivan uudenlaisen Taidev\u00e4rityskirjan.72 sivuisessa kirjassa on Hanskin piirt\u00e4m\u00e4t ja v\u00e4ritt\u00e4m\u00e4t originaalikuvat.Arton toteuttamat v\u00e4ritett\u00e4v\u00e4t kuvat, 24 aihetta. Hanski kirjoitti tekstit.\u201dKun hyv\u00e4 idea tulee, seh\u00e4n on toteutettava.\u201d\u00c4l\u00e4 v\u00e4rit\u00e4 niin kuin min\u00e4 v\u00e4rit\u00e4n. V\u00e4rit\u00e4 niin kuin min\u00e4 sanon: [&hellip;]<\/p>\n","protected":false},"author":1,"featured_media":0,"parent":0,"menu_order":0,"comment_status":"closed","ping_status":"closed","template":"","meta":{"site-sidebar-layout":"default","site-content-layout":"","ast-site-content-layout":"default","site-content-style":"default","site-sidebar-style":"default","ast-global-header-display":"","ast-banner-title-visibility":"","ast-main-header-display":"","ast-hfb-above-header-display":"","ast-hfb-below-header-display":"","ast-hfb-mobile-header-display":"","site-post-title":"","ast-breadcrumbs-content":"","ast-featured-img":"","footer-sml-layout":"","ast-disable-related-posts":"","theme-transparent-header-meta":"","adv-header-id-meta":"","stick-header-meta":"","header-above-stick-meta":"","header-main-stick-meta":"","header-below-stick-meta":"","astra-migrate-meta-layouts":"set","ast-page-background-enabled":"default","ast-page-background-meta":{"desktop":{"background-color":"var(--ast-global-color-4)","background-image":"","background-repeat":"repeat","background-position":"center center","background-size":"auto","background-attachment":"scroll","background-type":"","background-media":"","overlay-type":"","overlay-color":"","overlay-opacity":"","overlay-gradient":""},"tablet":{"background-color":"","background-image":"","background-repeat":"repeat","background-position":"center center","background-size":"auto","background-attachment":"scroll","background-type":"","background-media":"","overlay-type":"","overlay-color":"","overlay-opacity":"","overlay-gradient":""},"mobile":{"background-color":"","background-image":"","background-repeat":"repeat","background-position":"center center","background-size":"auto","background-attachment":"scroll","background-type":"","background-media":"","overlay-type":"","overlay-color":"","overlay-opacity":"","overlay-gradient":""}},"ast-content-background-meta":{"desktop":{"background-color":"var(--ast-global-color-5)","background-image":"","background-repeat":"repeat","background-position":"center center","background-size":"auto","background-attachment":"scroll","background-type":"","background-media":"","overlay-type":"","overlay-color":"","overlay-opacity":"","overlay-gradient":""},"tablet":{"background-color":"var(--ast-global-color-5)","background-image":"","background-repeat":"repeat","background-position":"center center","background-size":"auto","background-attachment":"scroll","background-type":"","background-media":"","overlay-type":"","overlay-color":"","overlay-opacity":"","overlay-gradient":""},"mobile":{"background-color":"var(--ast-global-color-5)","background-image":"","background-repeat":"repeat","background-position":"center center","background-size":"auto","background-attachment":"scroll","background-type":"","background-media":"","overlay-type":"","overlay-color":"","overlay-opacity":"","overlay-gradient":""}},"footnotes":""},"class_list":["post-1801","page","type-page","status-publish","hentry"],"_links":{"self":[{"href":"https:\/\/www.svmo.fi\/etusivu\/wp-json\/wp\/v2\/pages\/1801","targetHints":{"allow":["GET"]}}],"collection":[{"href":"https:\/\/www.svmo.fi\/etusivu\/wp-json\/wp\/v2\/pages"}],"about":[{"href":"https:\/\/www.svmo.fi\/etusivu\/wp-json\/wp\/v2\/types\/page"}],"author":[{"embeddable":true,"href":"https:\/\/www.svmo.fi\/etusivu\/wp-json\/wp\/v2\/users\/1"}],"replies":[{"embeddable":true,"href":"https:\/\/www.svmo.fi\/etusivu\/wp-json\/wp\/v2\/comments?post=1801"}],"version-history":[{"count":53,"href":"https:\/\/www.svmo.fi\/etusivu\/wp-json\/wp\/v2\/pages\/1801\/revisions"}],"predecessor-version":[{"id":1992,"href":"https:\/\/www.svmo.fi\/etusivu\/wp-json\/wp\/v2\/pages\/1801\/revisions\/1992"}],"wp:attachment":[{"href":"https:\/\/www.svmo.fi\/etusivu\/wp-json\/wp\/v2\/media?parent=1801"}],"curies":[{"name":"wp","href":"https:\/\/api.w.org\/{rel}","templated":true}]}}